4. Let m be ((-245)/(-6))/5 + (-3)/18. Let x(g) = -g**3 + 9*g**2 - 11*g + 20. Let w be x(m). What are the prime factors of p(w)?
2, 3, 13
Let k(j) = -186 - 2*j + 234*j**2 + 186. What are the prime factors of k(-2)?
2, 5, 47
Suppose 0 = -8*x + 9242 + 10358. Suppose -134*o = -127*o - x. List the prime factors of o.
2, 5, 7
Let q = 4589 + 303. What are the prime factors of q?
2, 1223
Let j(l) = -20*l + 195 - 79 - 73 - 62. List the prime factors of j(-13).
241
What are the prime factors of 7/42*(-3)/(-2) + (-240975)/(-20)?
12049
Let a = -56 + 70. Suppose a*j + 371 = 16583. What are the prime factors of j?
2, 3, 193
Let b(p) = 15*p**3 - 4*p**2 + 3*p + 19. List the prime factors of b(7).
3, 1663
Let b(t) = 13*t + 3. Let k be ((-8)/(-10))/(6/30). Let c be (0 + 18)*2/(k/1). What are the prime factors of b(c)?
2, 3, 5
Let k = 41 + -37. Let m be k/14 + 60/35. Let f(d) = 7*d**3 + 2*d**2 - d. What are the prime factors of f(m)?
2, 31
Suppose 14*i = 337 + 1371. Suppose i*g - 125*g = -2517. List the prime factors of g.
839
Let r = 46 + -36. Suppose k - 5*k = d - r, 3*k + 3 = 0. List the prime factors of d/(-49) + (-520)/(-7).
2, 37
Let a be (1177/(-1))/(-6*(-11)/(-66)). Let r = -556 + a. What are the prime factors of r?
3, 23
Let l(n) = 70*n**2 + 16*n - 18. Let m be l(3). List the prime factors of m/2 - (-1 + 19)/(-6).
3, 37
Let t(k) = 0*k - k - 11 - 28 - 2*k. Let h be t(-13). Suppose h = -4*r + 8*r - d - 792, r - 3*d - 209 = 0. What are the prime factors of r?
197
Let b be (1/1)/(3/(-111)). Let a = 42 + b. Suppose 3*u + u - 283 = a*s, 2*u = -s + 145. What are the prime factors of u?
2, 3
Let l = -2317 + 5695. List the prime factors of l.
2, 3, 563
Suppose 5 = 5*b - 0. Suppose -j = -b, 2*w + 2*j = -w - 16. What are the prime factors of (-9)/w*((-280)/6)/(-2)?
5, 7
Suppose 31450 = -45*w + 50*w - 2*o, -w + 6287 = -o. What are the prime factors of w?
2, 11, 13
Suppose -5*b - 6*k + 9415 = -2*k, 2*b = -k + 3769. Suppose -10*i + 103 = -b. List the prime factors of i.
199
Suppose 359 - 3044 = -y. Let x be (-2)/(4 - y/670). Suppose w + 4*w = -2*d + 335, -d + x = 4*w. List the prime factors of w.
67
Let b = 32085 + -20402. What are the prime factors of b?
7, 1669
Suppose -68 = -3*l - 14. Let i be (3*(-8)/l)/(1/(-3)). Suppose i*t - 72 = -5*y, -y = -0*y + 2*t - 12. List the prime factors of y.
2
Suppose -4*m + 8 = 0, -19 = -3*p - 2*p - 2*m. Suppose -6 = -2*u, -319 = t - p*t - u. Let q = -62 + t. List the prime factors of q.
2, 3
Suppose 204*n + 84886 = 193*n + 414853. List the prime factors of n.
3, 11, 101
Let i(z) = 91*z + 7464. List the prime factors of i(0).
2, 3, 311
Suppose 2*l - 8*l + 12 = 0. Suppose -4*n - 2*w = 186, -60 = n + l*w + 3*w. What are the prime factors of (32/(-3))/(6/n)?
2, 5
Suppose -488 = -6*f - 2*f. Let l = -28 + f. Suppose -8*m + l = 1. List the prime factors of m.
2
Let h = -26073 - -38200. What are the prime factors of h?
67, 181
Let b = 221 + -221. Suppose b = m + 4*a - 1532 + 595, 4*m - 2*a - 3820 = 0. What are the prime factors of m?
953
Suppose 18*t = 16*t + 92. Let a = t - -273. What are the prime factors of a?
11, 29
Let v = -218 - -214. List the prime factors of ((-1)/2)/(v/124)*14.
7, 31
Let l(v) be the second derivative of -v**5/20 - 3*v**4/2 - 47*v**3/6 - 63*v**2/2 + 2*v - 8. List the prime factors of l(-18).
3, 29
Let w = -462 + 193. Let a = -95 - w. List the prime factors of a/8*(-4)/24*-16.
2, 29
Suppose -4*c = -11 + 19. What are the prime factors of (6 - (-11)/c)/(1/36)?
2, 3
Let u = -53 + 106. Let n = u + -48. Suppose -n*o + o = -308. List the prime factors of o.
7, 11
Suppose -171*j - 93384 = -189*j. List the prime factors of j.
2, 1297
Suppose 0 = -17*x + 9*x - 8080. Let q = x - -2519. What are the prime factors of q?
3, 503
Let i(k) = k**2 - 4*k + 798. Let r be i(0). Suppose -5*l + 5*t + 1656 = -l, 2*l - r = -5*t. Let f = l - 253. List the prime factors of f.
2, 3, 13
Let z = -79 - -79. Suppose 2*r - 3*l - 769 - 3 = z, 3*r - 3*l - 1164 = 0. List the prime factors of r.
2, 7
Let r be 3/(1 - 4)*(-3200)/5. Let y = -264 + r. List the prime factors of y.
2, 47
Suppose -13*k - 8576 + 17507 = 0. List the prime factors of k.
3, 229
Let u(c) = 4*c**3 - 14*c**2 + c + 7. Let p be u(3). List the prime factors of 4*p/(-96)*465.
5, 31
Suppose 4*m + 371922 = 7*y, -3*m + 159405 = 3*y - 8*m. List the prime factors of y.
2, 3, 5, 7, 11, 23
Let w(y) = 409*y**2 + 69*y + 138. List the prime factors of w(6).
2, 3, 19, 67
Let z = -85 + 72. List the prime factors of z/(-26) - (-377)/2.
3, 7
Let f = 457 + 23. Suppose -8*p - 2*p = -f. What are the prime factors of p?
2, 3
Let d(w) be the second derivative of 17*w**5/5 - w**4/12 + w**2/2 + w + 6. Let r = 4 - 3. List the prime factors of d(r).
2, 17
Let c(w) = w**2 - 30*w + 104. Let g be c(26). Suppose g = t, -4*d = 11*t - 7*t - 4320. List the prime factors of d.
2, 3, 5
Let j(d) = 159*d + 642. What are the prime factors of j(-4)?
2, 3
Let o be 4/(-18) + 73450/45 + -6. Suppose 12*y - 12486 = -o. Suppose y = 18*j - 13*j. What are the prime factors of j?
181
Suppose -1139 = -2*j + 10237. List the prime factors of j.
2, 3, 79
Let u be 8/14 + 1196/(-182). Let w(h) = h**2 + 9*h + 21. Let z be w(u). Suppose 4*q = -4*t + 248, 5*t = z*q + t - 200. List the prime factors of q.
2
Suppose -15*u - 80 = -20*u. Suppose -4*l = u*l - 7720. What are the prime factors of l?
2, 193
Let u(p) = 69*p**2 - 39*p - 871. List the prime factors of u(-17).
7, 2819
Let b = 28 + -23. Suppose -946 = 5*h - b*c - 2741, 1396 = 4*h + 4*c. What are the prime factors of h?
2, 3, 59
Let s be (-8)/3*(55 + (-16)/4). Let g = s - -337. List the prime factors of g.
3, 67
Suppose 6*a = 5*a. Suppose d - 2 = a, -4*i - 3 = -3*d + 19. Let w(v) = -27*v - 5. List the prime factors of w(i).
103
Let q = 330 + -138. Suppose -2*j - 3*j + q = 2*l, 0 = -2*l + j + 168. Let g = -39 + l. List the prime factors of g.
47
Let p(n) = -4*n**3 + 3*n**2 + 3*n. Let k be p(-1). Suppose 2*z + 32 - 188 = 0. Suppose 0 = u - 4*m - z, -m + 377 = k*u - 4*m. What are the prime factors of u?
2, 7
Suppose -10*v + 8*v = -4. Suppose 3*k = 5*r - 1343, -v*k + 269 = r - 3*k. What are the prime factors of r?
2, 67
Let j be (0/5)/(1 - -1). Suppose -23*y = -j*y - 23736. List the prime factors of y.
2, 3, 43
Let w = -190 + 105. Let r(u) = -u**3 - 47*u**2 - 44*u - 73. Let x be r(-46). Let h = w - x. List the prime factors of h.
2, 5
Let t(b) = 204*b**2 - 71*b**2 + 56*b**2 + 21 - 20 + b. List the prime factors of t(-1).
3, 7
Let m = -1244 - -1638. List the prime factors of m.
2, 197
Let p(v) = 23*v + 315. Let o be p(-10). Let t = 3 - 0. Suppose t*k - 251 - o = 0. List the prime factors of k.
2, 7
Let b be (4 + (-3 - -1))/(2/3). Suppose 0*o = 4*j - 2*o - 18, b = 3*o. Suppose -r + 206 = 2*i, j*i + 109 + 258 = 2*r. What are the prime factors of r?
2, 7
What are the prime factors of 183*336 + -3*75/45?
61483
Let p = -26 - -46. Let w(s) = 0*s**2 - p - s**2 + 12*s + 10*s + 40. List the prime factors of w(10).
2, 5, 7
Suppose -7*f + 9*f - 19482 = 0. Suppose 4*k + 5*y = 7801, -6*k + k + f = -4*y. What are the prime factors of k?
1949
Suppose -8*l = -11*l + 1785. Suppose 4*v = v + 5*r + 1233, -401 = -v + 5*r. Let i = l - v. List the prime factors of i.
179
Let c(p) be the second derivative of -p**3/3 - 9*p**2/2 + 8*p - 3. Let l be c(-3). List the prime factors of 70 + 0/l + 4/(-1).
2, 3, 11
Let o be -6*5/45*-3. Suppose -3*k + 7515 = 2*k - o*l, -2*l + 7495 = 5*k. What are the prime factors of k?
19, 79
Let v(j) = -19*j - 76. Let m be v(-4). Suppose -5*q + m*q - 2*u + 2418 = 0, 0 = 2*u + 2. List the prime factors of q.
2, 11
Let a(u) = -u**2 - 11*u + 110. Let z be a(6). List the prime factors of 507 + -5 + z + -1.
509
Suppose 0*d - 37*d + 10224 = 34*d. List the prime factors of d.
2, 3
Let q be (-3 - 12/(-8))/((-6)/6032). Let a = q + -860. List the prime factors of a.
2, 3
Suppose 0 = 53*p - 29*p - 26*p + 38846. What are the prime factors of p?
19423
Let m be 3/6 - 126/(-28). Suppose m*c - 8517 + 3482 = 0. What are the prime factors of c?
19, 53
Let l = -16 + 18. Let f(x) = 52*x**3 - 2*x**2 + 10*x - 8. List the prime factors of f(l).
2, 3, 5, 7
Suppose 128*k - 130*k + 6554 = 0. List the prime factors of k.
29, 113
Suppose 0 = 39*c - 46*c - 1638. Let l = -134 - c. What are the prime factors of 